6/(-222035)).
2, 11, 367
Let w(x) = x**3 - 46*x**2 + 59*x + 54. Let t be w(45). Suppose -t*n = -680*n - 104. List the prime factors of n.
2, 13
Suppose -913 - 807 = -8*g. What are the prime factors of 3*g*(3 - 8 - -6)?
3, 5, 43
Let o(n) = -n**2 + n + 86. Let j(b) = b**3 - 11*b**2 + 7*b + 24. Let z be j(10). Let q = -6 - z. List the prime factors of o(q).
2, 43
Suppose 0 = -5*a, -7*a + 5 = d - 4*a. Suppose d*w = 2666 - 251. What are the prime factors of w?
3, 7, 23
Let r be ((-9)/(-12))/(21/140). Let w(f) = -f**2 + f. Let m(o) = o**2 - 7*o + 17. Let z(v) = -m(v) - 5*w(v). List the prime factors of z(r).
3, 31
Let a = -40 + 68. Suppose 5*q - 4*u = q + a, 2*u = q - 10. Suppose -q*v + 276 + 124 = 0. List the prime factors of v.
2, 5
Let h = 2445 + -286. Let b = h + -1256. List the prime factors of b.
3, 7, 43
Let q = 1012 - -1229. Suppose -4*z = -3*j + q, -2202 + 694 = -2*j - 2*z. What are the prime factors of j?
751
Let p(l) = -l**3 - 4*l**2 - 21*l - 14. Suppose 0 = 6*d + 33 + 21. What are the prime factors of p(d)?
2, 5, 29
Let d(g) = -4*g + 11 + 2 + 4 - 4. Let l be d(2). Let x(y) = 18*y - 6. List the prime factors of x(l).
2, 3, 7
Let w be 81/(-12) - 9/(-12). Let f be 3/2 - 1197/w. What are the prime factors of 0/1 + 1*(f - 3)?
2, 3, 11
What are the prime factors of (22 - 182210/(-28))/((-6)/(-8))?
2, 3, 1451
Suppose 6*h + 14*h = 12300. Let y = -300 + h. What are the prime factors of y?
3, 5, 7
Suppose 5*r = -2*a + 13, -7 = 3*a - 4*r + 8. What are the prime factors of (19 - 17)/(a/(-208 + -2))?
2, 3, 5, 7
Let u(t) = -9 + 954*t**2 + 15*t - 6*t + 391*t**3 - 953*t**2. What are the prime factors of u(1)?
2, 7
Let i = -23 - -19. Let j be 2/i*(-12)/2. Suppose -5*w = -j*d + 40, 2*d + 3*w - 56 = -w. What are the prime factors of d?
2, 5
Let i = -533 + 320. Let k = i - -1005. List the prime factors of k.
2, 3, 11
Suppose -4*v + 54 = -4*f - 38, -2*f + 35 = v. Let z(h) = -2*h + 51. Let t be z(v). What are the prime factors of 3/(-9)*(1 - 724) - t?
2, 61
Suppose -4*s + 1063 + 31023 = 2582. What are the prime factors of s?
2, 461
Suppose 0 = 20*c - 199 - 1. Suppose -c*v + 10848 = -2*v. List the prime factors of v.
2, 3, 113
Suppose -2*h = 10, -4*v - h + 85579 = -70604. List the prime factors of v.
39047
Let p(w) = 419*w**2 + 6*w + 80. List the prime factors of p(10).
2, 5, 1051
Let r(q) = -167*q + 4321. List the prime factors of r(-36).
10333
Let k be 2/17 + (-106)/34. Let z(u) = 2*u**2 + 4*u - 1. Let j be z(k). Suppose 2*n - 505 = -j*o - n, 0 = -4*n. What are the prime factors of o?
101
Let v = -3315 + 2260. Let a = -737 - v. What are the prime factors of a?
2, 3, 53
Suppose -5*t + 18*i = -200345, 9*i - 6*i - 15 = 0. List the prime factors of t.
40087
Suppose 8*c = -4*t + 5*c + 1077, 0 = -3*c + 9. Let s = t + 47. What are the prime factors of s?
2, 157
Let d(l) = -17*l**3 - l**2 - 118*l + 13. What are the prime factors of d(-10)?
3, 37, 163
Suppose -2*g - 12 = -3*g. Suppose m - 18 = -4*f, 5*f - g - 18 = -5*m. Suppose -f*r - 790 - 318 = -5*s, 5*s = -2*r + 1096. List the prime factors of s.
2, 5, 11
Suppose 0 = -111*c - 93*c + 4157724. List the prime factors of c.
89, 229
Suppose 20*h - 26*h = 930. Let t = 125 - h. List the prime factors of t.
2, 5, 7
Let f(t) be the second derivative of t**4/12 + 3*t**3/2 + 147*t**2/2 + 7*t + 17. What are the prime factors of f(30)?
3, 439
Let v be (-35)/(-175) + 38/10. Suppose c - 3*w - 573 = -5*w, 3*c = v*w + 1679. What are the prime factors of c?
5, 113
Suppose -s - 55 = -59. Suppose -3*c + 2*x = -757, 220 = 2*c - s*x - 290. What are the prime factors of c?
251
Suppose 0 = 3*h + 443*s - 445*s - 67818, 3*h - 3*s = 67815. What are the prime factors of h?
2, 3, 157
Let r(n) = -35*n + 2076. What are the prime factors of r(11)?
19, 89
Let a(p) = -p**3 + 38*p**2 - 32*p + 132. What are the prime factors of a(25)?
7457
Let o be (420/16)/(-6 - 69/(-12)). What are the prime factors of 6153/6*5/(o/(-12))?
2, 293
Let c(t) = 91*t**2 - 16*t + 13. Let p be c(4). Suppose 24*s = p + 21491. List the prime factors of s.
2, 3, 53
Let c = -8094 + 10297. List the prime factors of c.
2203
Let p(o) = 1 - o + 19 + 0*o**2 + 6*o**2. Let l be p(-8). List the prime factors of ((-54)/(-12) - 4)/(2/l).
103
What are the prime factors of (-20337 - 15)/((-53)/(-8) + -7)?
2, 53
Let b = -22604 - -34238. Suppose -13*w - 29*w = -b. List the prime factors of w.
277
Let v(i) = 3*i**3 + 164*i**2 + 98*i - 141. What are the prime factors of v(-36)?
3, 103, 223
Let r(a) = 31*a + 152. Suppose 0 = -2*v - 2*s - 16 + 62, -4*s = -3*v + 62. What are the prime factors of r(v)?
2, 3, 139
Suppose -14 = -5*k + 2*o, 7*k - o - 127 = -102. Let t(u) = -17*u + 5. Let i be t(-5). Suppose 0 = -k*f + f + i. List the prime factors of f.
2, 3, 5
Let h be (1/(-3))/(1/(-108)). Suppose h*t - 4432 - 320 = 0. List the prime factors of t.
2, 3, 11
Let l(m) = 2090*m - 3312. List the prime factors of l(25).
2, 24469
Suppose -27*b - 25776 = -33*b. Suppose -4*k + 2652 = -h - b, -4*h - 8685 = -5*k. List the prime factors of k.
3, 193
Let v(g) = 3*g**3 + 49*g**2 + 61*g + 95. Let c(d) = -4*d**3 - 50*d**2 - 60*d - 94. Let u(p) = 2*c(p) + 3*v(p). List the prime factors of u(-45).
2, 41
Let u(k) = 323*k**2 + 5*k - 6. Let c be u(2). Suppose -5*s - 8*o + 3*o + 1300 = 0, 0 = 5*s + o - c. What are the prime factors of s?
7, 37
Let i = -750 + 1423. Let h = i + -465. List the prime factors of h.
2, 13
Let v = 553 - -404. Let s = -657 + v. What are the prime factors of s?
2, 3, 5
Suppose -12*u = -14*u + 5840. Let x be 4/6 + (u/6)/5. Let k = x + -31. List the prime factors of k.
67
Suppose 5*v + 143 = -6*g + 2*g, 4*g + 151 = 3*v. Let j = g + -184. Let u = -111 - j. List the prime factors of u.
2, 5, 11
Suppose -2*g - 34 = -62. Suppose -g*z = -7*z - 1064. What are the prime factors of z?
2, 19
Let g = 383 + -373. Suppose 3*t - g*t + 2793 = 0. List the prime factors of t.
3, 7, 19
Let m be 2 + 2643 + (-5 - -8). Suppose 3*n - m - 215 = -5*y, -2818 = -3*n + 4*y. Suppose 0 = 5*j + 131 - n. List the prime factors of j.
163
Let z(f) = 240*f**2 + 2*f - 3. Let d be z(1). Suppose 5*g = -a - 570, 4*g + 2*a + d = -217. Let q = -58 - g. What are the prime factors of q?
2, 7
Let r be -157 + 0 + 0 + 3. Suppose -j + w + 216 = 0, j = -2*w + 187 + 26. Let s = r + j. List the prime factors of s.
61
Let t(w) = -327*w + 754. What are the prime factors of t(-13)?
5, 7, 11, 13
Suppose 4*o + 4*m - 11 + 7 = 0, -9 = 3*m. Suppose -4*h = o, -5*a + 1463 = -4*h - 3591. What are the prime factors of a?
2, 5, 101
Suppose 9 = 3*b - 6*f + 8*f, 4*f - 9 = -3*b. Suppose -5*o + v = -727, -4*o - b*v = -5*v - 584. List the prime factors of o.
5, 29
Let x(w) = -1964*w + 264. List the prime factors of x(-8).
2, 1997
Let s be 2/((4/(-80))/((-1)/4)). Suppose 48 = -s*q + 18*q. Suppose -551 + 3 = -4*k - 4*p, -2*p = q. List the prime factors of k.
2, 5, 7
Suppose -3320*a + 3304*a = -371344. What are the prime factors of a?
23209
Suppose 0 = -7*d + 26512 + 26170. What are the prime factors of d?
2, 53, 71
Suppose 979*s = 975*s - 7588. Let i = -1166 - s. What are the prime factors of i?
17, 43
Suppose 7*o + 3*f - 12 = 4*o, 5*o - 3*f = -12. Suppose 2*i + 7*i - 1548 = o. What are the prime factors of i?
2, 43
Let j = -7217 + 20956. List the prime factors of j.
11, 1249
Let c = -917 - -1768. Let b = c - 509. What are the prime factors of b?
2, 3, 19
Suppose 4*c + 5*r = -4034, r + 2002 = -2*c + 6*r. Let g = c - -1806. List the prime factors of g.
2, 5
Let y = -508 - -504. What are the prime factors of 29330/26 + y/52?
2, 3, 47
Let d = 6425 + 2653. What are the prime factors of d?
2, 3, 17, 89
Suppose -16*g = -114131 + 27075. What are the prime factors of g?
5441
Suppose -f + 3*g = f - 81, 0 = 4*f + g - 127. Suppose 15*s + f = 453. List the prime factors of s.
2, 7
Suppose -15 = -5*r + 3*s - s, -4*r - 5*s + 45 = 0. Suppose 3*o + 135 = -r*a + 509, 0 = 4*a - 16. What are the prime factors of o?
2, 59
What are the prime factors of ((-20)/3)/(-10*1/2760)?
2, 5, 23
Let l(q) = q**3 - 2*q**2 + 4*q - 12. Let d(t) = -t**3 - 9*t**2 - t + 9. Let w be d(-9). Let u be ((-60)/w)/((-2)/3). What are the prime factors of l(u)?
83
Let k(v) = v**2 - 24*v + 87. Let f be k(6). What are the prime factors of (-14)/f + (-5997)/(-9)?
23, 29
Suppose -227 = 7*x - 10. List the prime